?
2120
In base 10, what is 6 - 6189?
-6183
In base 13, what is 0 + 23355?
23355
In base 2, what is -11000011 - -101101101001?
101010100110
In base 11, what is 67 - -17812?
17879
In base 4, what is -2 + 21110020?
21110012
In base 8, what is -24101 - -3?
-24076
In base 2, what is 10001110010 - -11111?
10010010001
In base 7, what is -15532 - 541?
-16403
In base 6, what is 1 + 5224135?
5224140
In base 15, what is -4 - -2c674?
2c670
In base 4, what is -102311 - 11?
-102322
In base 12, what is -6 - 15395?
-1539b
In base 8, what is 27266 + 2?
27270
In base 11, what is 985a - -2?
9861
In base 16, what is -a86 - -37?
-a4f
In base 12, what is 1439 + -13?
1426
In base 3, what is 21 - 221000000?
-220222202
In base 6, what is -54 - -4425545?
4425451
In base 10, what is 15 - -6120?
6135
In base 5, what is -1142011 + -114?
-1142130
In base 14, what is -143 - 773?
-8b6
In base 9, what is 440 - -436?
876
In base 2, what is -1001 + 1011011100010111?
1011011100001110
In base 2, what is -111001011 - 1100?
-111010111
In base 10, what is -1768 - -3?
-1765
In base 14, what is 11dc0 - 2?
11dbc
In base 16, what is -691c - 4?
-6920
In base 6, what is -3 + 411221?
411214
In base 14, what is -53 + 74?
21
In base 6, what is 240 - 14310?
-14030
In base 5, what is 1111430 + 124?
1112104
In base 8, what is 64216 - -147?
64365
In base 15, what is -2 + 51c9?
51c7
In base 6, what is 222042 + 42?
222124
In base 15, what is -286 - 1069?
-1300
In base 11, what is 3 - -48559?
48561
In base 11, what is 3 - 14a7?
-14a4
In base 4, what is -121 - -12023?
11302
In base 6, what is -201 - 255015?
-255220
In base 13, what is 1336 + 4?
133a
In base 6, what is -440112 - 12?
-440124
In base 13, what is -770 - -18?
-755
In base 9, what is 2362 + 11?
2373
In base 11, what is -18 - -5025?
5008
In base 9, what is -3 - 5678?
-5682
In base 14, what is 5 + 1a0?
1a5
In base 14, what is 5 + -14405?
-14400
In base 8, what is 137533 - -1?
137534
In base 3, what is -20 - 111020200?
-111020220
In base 3, what is -200221121 + -12?
-200221210
In base 6, what is 1451255 + -3?
1451252
In base 3, what is 100220112 + -1?
100220111
In base 4, what is 11 + -2030001?
-2023330
In base 16, what is ec8 - -f6?
fbe
In base 12, what is -1a531 + -1?
-1a532
In base 8, what is -2 + -43475?
-43477
In base 9, what is -13355 + -7?
-13363
In base 12, what is 12301 - -5?
12306
In base 16, what is 1304 - 12?
12f2
In base 15, what is d - 618a8?
-6189a
In base 8, what is -1574674 + 0?
-1574674
In base 4, what is -3 + -23103203?
-23103212
In base 8, what is 1 - 66422?
-66421
In base 14, what is 9a88 + -1?
9a87
In base 8, what is -171114 + -45?
-171161
In base 14, what is 3a - -202?
23c
In base 16, what is -bdfb + -39?
-be34
In base 10, what is 10 + 708?
718
In base 15, what is 3 - -89720?
89723
In base 14, what is -1638 + 32?
-1606
In base 11, what is aa70 + -5?
aa66
In base 11, what is -1 - -3a583?
3a582
In base 2, what is -111101111 + -10000101000?
-11000010111
In base 16, what is -3 + 6939?
6936
In base 7, what is 13 + -106030?
-106014
In base 13, what is 26454 + 0?
26454
In base 12, what is 21416 + -2?
21414
In base 3, what is 220 + -11111212020?
-11111211100
In base 2, what is 1010100001 - 100010000?
110010001
In base 13, what is -16116 - 2?
-16118
In base 7, what is 1146 - 126?
1020
In base 15, what is -4 - -4aeb8?
4aeb4
In base 7, what is -64254 + -323?
-64610
In base 8, what is -10 + 27126?
27116
In base 9, what is 1 - 33201?
-33200
In base 11, what is -14 - -4009?
3aa5
In base 12, what is 3 - 51b5?
-51b2
In base 4, what is 3212212 + -10?
3212202
In base 9, what is 18726731 - -5?
18726736
In base 14, what is -92 + -b6?
-168
In base 6, what is 505 + -11445?
-10540
In base 4, what is -33033301 + -32?
-33033333
In base 6, what is -1151 + 4?
-1143
In base 7, what is -10 - -125254?
125244
In base 15, what is -2bd72 + -3?
-2bd75
In base 16, what is 3e5798 - -3?
3e579b
In base 10, what is -4 - -180440?
180436
In base 5, what is -2 - -440023?
440021
In base 15, what is 2 - -d31?
d33
In base 8, what is 100 - -614?
714
In base 2, what is 10000010011101 - 10100?
10000010001001
In base 4, what is 3211023 + 1000?
3212023
In base 8, what is 43 + -45711?
-45646
In base 12, what is 816 + 121?
937
In base 8, what is 534 + 6376?
7132
In base 13, what is 790 - 11?
77c
In base 2, what is -10100110000 + -111001001?
-11011111001
In base 9, what is -62845 + 11?
-62834
In base 10, what is 0 - -23664?
23664
In base 7, what is -4 - -25266?
25262
In base 14, what is -b09 + -8c?
-b97
In base 15, what is 352c + -91?
348b
In base 7, what is 4 + 44041?
44045
In base 5, what is -2 - -10022230?
10022223
In base 5, what is 3332 + 2411?
11243
In base 8, what is 7 + 52?
61
In base 2, what is 1011 - 101100001000001?
-101100000110110
In base 6, what is -1004350 + -2?
-1004352
In base 7, what is 21113 - -334?
21450
In base 6, what is 351343 + 2?
351345
In base 13, what is 5 + -6184?
-617c
In base 8, what is -14 + 116777?
116763
In base 11, what is -1a2 - -1465?
1273
In base 6, what is 31 + 23?
54
In base 15, what is 867a + 3?
867d
In base 3, what is 101101110211 + -11?
101101110200
In base 11, what is 48 - 1aa0?
-1a53
In base 6, what is 5 + 112503?
112512
In base 15, what is 4 + 362?
366
In base 3, what is 22101 - -1202?
101010
In base 12, what is -317 - 7?
-322
In base 11, what is -586 + -a9?
-684
In base 12, what is -31257 - -3?
-31254
In base 4, what is 10 - 213121233?
-213121223
In base 12, what is -ba - 558?
-656
In base 6, what is 1314 + -11402?
-10044
In base 4, what is 21222302 + 3?
21222311
In base 10, what is 375 - 47?
328
In base 14, what is 0 - 17025c?
-17025c
In base 10, what is 389 - 325?
64
In base 3, what is 22200100 + 112?
22200212
In base 2, what is -10101011111000110011 - 101?
-10101011111000111000
In base 10, what is -275 - 186?
-461
In base 2, what is -100 + 111110111110011100?
111110111110011000
In base 13, what is 119 - 1590?
-1474
In base 11, what is 9a - -253?
342
In base 9, what is -16 + -122843?
-122860
In base 7, what is 26 + 6062?
6121
In base 6, what is -3 - -55540114?
55540111
In base 13, what is 172 - -a?
17c
In base 6, what is 122225 - 23?
122202
In base 2, what is -10 - -10011101011001?
10011101010111
In base 7, what is -202051 - -51?
-202000
In base 11, what is 3101 - -5?
3106
In base 7, what is 46 - 56133?
-56054
In base 3, what is 21 - -12022222112?
12022222210
In base 7, what is -130 - -146315?
146155
In base 2, what is -1001 + 1110101010011100100?
1110101010011011011
In base 2, what is -11001011111 - -111011000?
-10010000111
In base 8, what is -6 - -77332?
77324
In base 3, what is 121221100 + -2011?
121212012
In base 10, what is -77 + -543?
-620
In base 10, what is -17 + -1746?
-1763
In base 15, what is -1b9d + -170?
-1d1d
In base 10, what is -3104 - -576?
-2528
In base 3, what is 101112001220 - -10?
101112002000
In base 6, what is 45 - -24132?
24221
In base 11, what is -40 - 17a7?
-1837
In base 11, what is 2 + -1380a?
-13808
In base 7, what is -232410 + -1?
-232411
In base 4, what is 203 + 300103?
300312
In base 7, what is 252 + -155554?
-155302
In base 11, what is -a94023 + -1?
-a94024
In base 7, what is -2242 + 526?
-1413
In base 4, what is 310 - 30?
220
In base 11, what is 3957a - 2?
39578
In base 6, what is -202 - 2155?
-2401
In base 16, what is -51 + -7a?
-cb
In base 7, what is 253602 - 4?
253565
In base 11, what is 58 - 97?
-3a
In base 13, what is 1658 + -1?
1657
In base 11, what is 0 + 1a872?
1a872
In base 2, what is -10001110001110111 - -100?
-10001110001110011
In base 12, what is -11b - 1221?
-1340
In base 16, what is 2d - 7dc?
-7af
In base 9, what is 157 + 773?
1041
In base 15, what is -30b + a67?
75b
In base 15, what is -c + 1321?
1314
In base 15, what is 4 + 1c57?
1c5b
In base 13, what is 4 - 137c4?
-137c0
In base 11, what is 131 - 9673?
-9542
In base 11, what is 14525 + -6?
1451a
In base 10, what is 99712 + 1?
99713
In base 5, what is 4 + -22030?
-22021
In base 11, what is 7 - 1a70?
-1a64
In base 14, what is 3 - -10373?
10376
In base 2, what is -10110000000011111 + -100100?
-10110000001000011
In base 7, what is -32353 + 4?
-32346
In base 9, what is 118528 - 5?
118523
In base 5, what is -401 + -2321?
-3222
In base 14, what is 2827 - 8?
281d
In base 6, what is -10244 + -123?
-10411
In base 3, what is 102202